{"id":121,"date":"2018-10-07T14:03:41","date_gmt":"2018-10-07T13:03:41","guid":{"rendered":"http:\/\/www.zencrisis.ch\/?page_id=121"},"modified":"2020-12-27T22:55:23","modified_gmt":"2020-12-27T21:55:23","slug":"ma-methodologie","status":"publish","type":"page","link":"https:\/\/www.zencrisis.ch\/?page_id=121","title":{"rendered":"Ma m\u00e9thodologie"},"content":{"rendered":"<p>[et_pb_section fb_built=\u00a0\u00bb1&Prime; _builder_version=\u00a0\u00bb3.22&Prime;][et_pb_row _builder_version=\u00a0\u00bb3.25&Prime; background_size=\u00a0\u00bbinitial\u00a0\u00bb background_position=\u00a0\u00bbtop_left\u00a0\u00bb background_repeat=\u00a0\u00bbrepeat\u00a0\u00bb][et_pb_column type=\u00a0\u00bb4_4&Prime; _builder_version=\u00a0\u00bb3.25&Prime; custom_padding=\u00a0\u00bb|||\u00a0\u00bb custom_padding__hover=\u00a0\u00bb|||\u00a0\u00bb][et_pb_text _builder_version=\u00a0\u00bb3.27.4&Prime; background_size=\u00a0\u00bbinitial\u00a0\u00bb background_position=\u00a0\u00bbtop_left\u00a0\u00bb background_repeat=\u00a0\u00bbrepeat\u00a0\u00bb custom_padding=\u00a0\u00bb||63px|||\u00a0\u00bb min_height=\u00a0\u00bb107px\u00a0\u00bb]<\/p>\n<p>La m\u00e9thodologie ZenCrisis \u00a9 est d\u00e9velopp\u00e9e sur la base de mon exp\u00e9rience professionnelle et de mes recherches. Les outils ont \u00e9t\u00e9 d\u00e9velopp\u00e9s pour guider les managers et les responsables communication dans la pr\u00e9paration, la gestion et la restauration de la communication de crise.<\/p>\n<p>Pratiques, simples, modulables, les outils permettent de soutenir les communicants dans la pr\u00e9paration et la gestion des crises.<\/p>\n<p>A<strong> chaque phase, des outils sp\u00e9cifiques&#8230;<\/strong><\/p>\n<p>[\/et_pb_text][et_pb_image src=\u00a0\u00bbhttps:\/\/www.zencrisis.ch\/wp-content\/uploads\/2020\/12\/PhasesNew.jpg\u00a0\u00bb _builder_version=\u00a0\u00bb4.6.6&Prime; _module_preset=\u00a0\u00bbdefault\u00a0\u00bb title_text=\u00a0\u00bbPhasesNew\u00a0\u00bb align=\u00a0\u00bbcenter\u00a0\u00bb hover_enabled=\u00a0\u00bb0&Prime; sticky_enabled=\u00a0\u00bb0&Prime; min_height=\u00a0\u00bb482px\u00a0\u00bb][\/et_pb_image][\/et_pb_column][\/et_pb_row][\/et_pb_section]<\/p>\n","protected":false},"excerpt":{"rendered":"<p>La m\u00e9thodologie ZenCrisis \u00a9 est d\u00e9velopp\u00e9e sur la base de mon exp\u00e9rience professionnelle et de mes recherches. Les outils ont \u00e9t\u00e9 d\u00e9velopp\u00e9s pour guider les managers et les responsables communication dans la pr\u00e9paration, la gestion et la restauration de la communication de crise. Pratiques, simples, modulables, les outils permettent de soutenir les communicants dans la [&hellip;]<\/p>\n","protected":false},"author":1,"featured_media":0,"parent":0,"menu_order":2,"comment_status":"closed","ping_status":"closed","template":"","meta":{"_et_pb_use_builder":"on","_et_pb_old_content":"La m\u00e9thodologie ZenCrisis \u00a9 est d\u00e9velopp\u00e9e sur la base de mon exp\u00e9rience professionnelle, de ma recherche et de la th\u00e9orie. Les outils ont \u00e9t\u00e9 d\u00e9velopp\u00e9s pour guider les managers et les responsables communication dans la pr\u00e9paration, la gestion et la restauration de la communication de crise.\n\nPratiques, simples, modulables, les outils permettent de soutenir les communicants dans la pr\u00e9paration et la gestion des crises.\n\nA chaque phase, ses outils...<img class=\" wp-image-124 aligncenter\" src=\"http:\/\/www.zencrisis.ch\/wp-content\/uploads\/2018\/10\/Phases-300x233.jpg\" alt=\"\" width=\"236\" height=\"183\">","_et_gb_content_width":"","footnotes":""},"class_list":["post-121","page","type-page","status-publish","hentry"],"_links":{"self":[{"href":"https:\/\/www.zencrisis.ch\/index.php?rest_route=\/wp\/v2\/pages\/121","targetHints":{"allow":["GET"]}}],"collection":[{"href":"https:\/\/www.zencrisis.ch\/index.php?rest_route=\/wp\/v2\/pages"}],"about":[{"href":"https:\/\/www.zencrisis.ch\/index.php?rest_route=\/wp\/v2\/types\/page"}],"author":[{"embeddable":true,"href":"https:\/\/www.zencrisis.ch\/index.php?rest_route=\/wp\/v2\/users\/1"}],"replies":[{"embeddable":true,"href":"https:\/\/www.zencrisis.ch\/index.php?rest_route=%2Fwp%2Fv2%2Fcomments&post=121"}],"version-history":[{"count":11,"href":"https:\/\/www.zencrisis.ch\/index.php?rest_route=\/wp\/v2\/pages\/121\/revisions"}],"predecessor-version":[{"id":348,"href":"https:\/\/www.zencrisis.ch\/index.php?rest_route=\/wp\/v2\/pages\/121\/revisions\/348"}],"wp:attachment":[{"href":"https:\/\/www.zencrisis.ch\/index.php?rest_route=%2Fwp%2Fv2%2Fmedia&parent=121"}],"curies":[{"name":"wp","href":"https:\/\/api.w.org\/{rel}","templated":true}]}}

Ma méthodologie

<p>[et_pb_section fb_built= »1&Prime; _builder_version= »3.22&Prime;][et_pb_row _builder_version= »3.25&Prime; background_size= »initial » background_position= »top_left » background_repeat= »repeat »][et_pb_column type= »4_4&Prime; _builder_version= »3.25&Prime; custom_padding= »||| » custom_padding__hover= »||| »][et_pb_text _builder_version= »3.27.4&Prime; background_size= »initial » background_position= »top_left » background_repeat= »repeat » custom_padding= »||63px||| » min_height= »107px »]</p>
<p>La méthodologie ZenCrisis © est développée sur la base de mon expérience professionnelle et de mes recherches. Les outils ont été développés pour guider les managers et les responsables communication dans la préparation, la gestion et la restauration de la communication de crise.</p>
<p>Pratiques, simples, modulables, les outils permettent de soutenir les communicants dans la préparation et la gestion des crises.</p>
<p>A<strong> chaque phase, des outils spécifiques&#8230;</strong></p>
<p>[/et_pb_text][et_pb_image src= »https://www.zencrisis.ch/wp-content/uploads/2020/12/PhasesNew.jpg » _builder_version= »4.6.6&Prime; _module_preset= »default » title_text= »PhasesNew » align= »center » hover_enabled= »0&Prime; sticky_enabled= »0&Prime; min_height= »482px »][/et_pb_image][/et_pb_column][/et_pb_row][/et_pb_section]</p>

<p>La méthodologie ZenCrisis © est développée sur la base de mon expérience professionnelle et de mes recherches. Les outils ont été développés pour guider les managers et les responsables communication dans la préparation, la gestion et la restauration de la communication de crise. Pratiques, simples, modulables, les outils permettent de soutenir les communicants dans la [&hellip;]</p>

La méthodologie ZenCrisis © est développée sur la base de mon expérience professionnelle, de ma recherche et de la théorie. Les outils ont été développés pour guider les managers et les responsables communication dans la préparation, la gestion et la restauration de la communication de crise.

Pratiques, simples, modulables, les outils permettent de soutenir les communicants dans la préparation et la gestion des crises.

A chaque phase, ses outils...<img class=" wp-image-124 aligncenter" src="http://www.zencrisis.ch/wp-content/uploads/2018/10/Phases-300x233.jpg" alt="" width="236" height="183">
